
Let w = 18 + -8. Suppose -11*i = -w*i. What is the units digit of -1 - -9*(3 - i)?
6
What is the units digit of (-186)/3*1112/(-16)?
9
Let w be 0 - 19 - (-4 + 5). Let s = w - -39. Suppose 0*m = m - 3*h - 11, 0 = -3*m + 2*h + s. What is the units digit of m?
5
Suppose 0 = 8*k - 11*k - 3*m - 468, -3*k - 2*m - 466 = 0. Let h = k + 448. What is the units digit of h?
4
Suppose -52*c = 22*c - 239760. What is the thousands digit of c?
3
Suppose -5244 = -262*w + 260*w. What is the tens digit of w?
2
Let y(b) = -2*b. Let w be y(-2). Suppose q + 4*f = 8, 2*f + 9 = 4*q - 5. Suppose 3*h = w*l + 43, -2*l = q*h + h - 37. What is the units digit of h?
9
Let z(q) = 33*q - 177. What is the tens digit of z(34)?
4
Let j be ((-4628)/(-91))/((-4)/(-14)). Suppose -9*c + 7*c + j = 0. What is the tens digit of c?
8
Let v(o) = o**2 - 5*o - 6. Let w be v(6). Suppose w = i + 4*p - 30, -i + 0*p = -5*p + 6. Suppose i = 3*u + 5. What is the units digit of u?
3
Suppose 361 = 5*k - 34. What is the tens digit of k?
7
Suppose -c - 62 = -z, -3*c = -c - 5*z + 133. Let d = 77 + c. What is the units digit of d?
8
Let i be (2 - 20)*21/(-14). Suppose i*f = 24*f + 525. What is the tens digit of f?
7
What is the units digit of (891/6)/((-6)/(-84))?
9
Let m(s) = 4*s**3 + s**2 - s + 1. Let c be m(1). Suppose 0 = c*n - 4*g - 29, n - g = 4*g + 10. Suppose -219 = 2*h - n*h. What is the tens digit of h?
7
Let u = 10 - 6. Suppose -3*f + u = -7*f. What is the units digit of -3 - -3 - 2/f?
2
Let f(q) = 1 + 29*q + 0 + 0 + 1. What is the units digit of f(1)?
1
Suppose 0 = -4*u - 4, 3*z + 2*z + 5*u = 13230. What is the units digit of z?
7
Suppose -5*i = -10 + 5. What is the tens digit of i + (-2 - -3) + 34?
3
Let v(o) be the third derivative of -o**4/8 + o**3/6 - 3*o**2. Suppose 2*m + 5 = -3*m. What is the units digit of v(m)?
4
Let d(o) be the second derivative of -o**3/6 + 19*o**2/2 - 11*o. Let g be d(15). Suppose -62 = -l - 4*s + 3*s, -71 = -l - g*s. What is the units digit of l?
9
Let s be (-69)/2 - (-1)/(-2)*3. What is the tens digit of (-748)/s - 0 - 4/(-18)?
2
Suppose -4*n - 21 = -p - 6, 0 = -5*n + 10. Suppose -t - k + p = -72, -2*t + 2*k = -190. What is the tens digit of t?
9
Suppose -33*d + 41*d - 9112 = 0. What is the hundreds digit of d?
1
Let k = -13 - -36. Suppose 0 = -3*w + k + 22. Suppose 0*o - w = -o. What is the tens digit of o?
1
Let c = 702 - 530. What is the hundreds digit of c?
1
Suppose 2884 = 153*q - 149*q. What is the units digit of q?
1
Let y = 1510 + -1493. What is the tens digit of y?
1
Let t(x) = -x**3 + 64*x**2 - 213*x + 52. What is the tens digit of t(59)?
9
Let z(y) = -71*y + 2. Suppose -4*u - 3*a - 10 = 0, -4*u = -0*u - 4*a - 4. What is the units digit of z(u)?
3
Let l = -1048 + 1929. What is the units digit of l?
1
Let q be (8/12 + 0)*12. Let n = q - 2. Let u = n + 12. What is the units digit of u?
8
Suppose 3*k - 282 = -j, -3*k + 3*j + j + 282 = 0. What is the units digit of k?
4
Let v(w) be the first derivative of w**4/2 - 2*w**3/3 - w - 8. What is the units digit of v(2)?
7
Suppose 9*l = -0*l + 1107. Suppose 5*q - 657 = l. What is the tens digit of q?
5
What is the tens digit of 64/(-2)*(1708/16)/(-7)?
8
Let n be 4 - (-1413)/27 - (-2)/(-6). Let p = 123 - n. What is the tens digit of p?
6
Suppose -3*k = 3*p - 142 - 29, p = 2*k - 102. Let y = k + -75. What is the tens digit of (5 - 3 - y) + 0?
2
Let c be 56/10 - 16/(-40). Suppose -2*v = -c*v + 12. Let s = v - -2. What is the units digit of s?
5
Suppose -12 = -3*s + 12. Suppose -7*g + s*g = 6. Suppose -25 = -5*z, 0 = -g*m + 2*m + 3*z + 113. What is the tens digit of m?
3
Suppose -4*i + 18 = 2*c, -18 = -2*c + 6*i - i. Let f(y) be the second derivative of 2*y**3/3 + 2*y**2 - 30*y. What is the units digit of f(c)?
0
Suppose -2*m + 2 = 8. Let q be 14 - (-2 - m - 2). What is the tens digit of 18/q*(-105)/(-6)?
2
Let y(g) = -227*g - 40. Let b(a) = -57*a - 10. Let w(j) = -9*b(j) + 2*y(j). What is the hundreds digit of w(4)?
2
Suppose 0*d - 2*t + 116 = 4*d, -d = 4*t - 22. Let s = -62 + 97. Let q = s - d. What is the units digit of q?
5
Let j(u) = 292*u - 389. What is the units digit of j(4)?
9
Suppose -24 - 4 = -2*n - 4*j, 3*j = 2*n + 7. Suppose -n*p - 25 = -49. What is the units digit of p?
6
Let x be (14 + -4)*(2 - -1 - 2). What is the units digit of x/(-4)*(-4 + -4)?
0
Let j be (2 - 1) + 3 + 0. Let d(q) = -2*q + 7. Let o be d(j). What is the units digit of (-5 - (-2 - 1))/o?
2
Let r = 5 - 0. Let o(y) = 2*y**2 + 9*y + 14. Let p be o(-3). Suppose -q + 77 - 28 = r*m, -p*m = 5*q - 165. What is the units digit of q?
9
Suppose 0 = 2*a + 7 + 11. Let r(d) = d**2 + 10*d + 12. Let z be r(a). Suppose j + z*j = 76. What is the units digit of j?
9
Let m(g) = -2*g. Let w be m(-3). What is the hundreds digit of 3/(99/w) + (-5536)/(-44)?
1
Let k(a) = -17*a**3 - 2*a**2 - 2. Let l be k(-2). Let q = 194 - l. Let m = 127 - q. What is the tens digit of m?
5
Let b be (-18)/(-27) - (-88)/(-6). What is the tens digit of (-338)/(-7) + 4/b?
4
Let l be (-18)/(-8)*4 - 4. Suppose -18 - 42 = -l*t. What is the units digit of t?
2
Let s be -4*3/(-6*1). Suppose 3*b = 5*x + 27, 0 = 4*b - s*x + 4*x - 10. Suppose 4*a - 2*n + 8 = 8*a, 2*n - b = -3*a. What is the units digit of a?
4
Suppose 0 = -9*w + 14*w - 55. Suppose 6*z + 20 = w*z. Suppose z*g + 2*t - 277 = -t, -5*g = -t - 332. What is the units digit of g?
7
Suppose 15646 = 21*c - 2204. Let u = c + -584. What is the units digit of u?
6
Suppose -22605 = -19*y + 4869. What is the units digit of y?
6
Let q(c) = -973*c - 83. What is the hundreds digit of q(-2)?
8
Let i(z) = -27*z - 86. What is the tens digit of i(-5)?
4
Let t(d) = 2*d**3 - 9*d**2 + 4*d - 6. Let f be t(4). Let r(q) = -23*q - 32. What is the units digit of r(f)?
6
Let i(l) = 5*l + 1. Let r be i(0). What is the units digit of -99*5/25*(-5)/r?
9
Let w be (2 + 0)/((-3)/24*1). Let q(p) = -9*p - 13. What is the units digit of q(w)?
1
Let y = -13 + 17. Suppose 4*x + 2*r - 478 = 0, 2*x + y*r - 593 = -3*x. What is the hundreds digit of x?
1
Let t be 2/7 - 425/(-7). Let d = t - -8. Suppose 3*q = -0*q + d. What is the units digit of q?
3
Suppose -5*d - 2*c - 2253 = -6*d, -3*d + 2*c + 6763 = 0. What is the thousands digit of d?
2
Let s = 7927 + -4781. What is the tens digit of s?
4
Suppose 4*c + 67 = -4*s + 463, 4*c + 269 = 3*s. Suppose -2*j = -405 + s. What is the tens digit of j?
5
Let v(p) = -p + 4. Let r be v(2). What is the tens digit of (r - -175)*2/6?
5
Let f(y) = 36*y - 1. Let r be f(2). Suppose 0 = -3*h - 5*j + 37, j + r = -2*h + 7*h. What is the tens digit of h?
1
Let p be (-72)/(-5) - (-2)/(-5). Let a be (-2 + 13)/(5*(-3)/(-30)). Let d = a - p. What is the units digit of d?
8
Let v(a) be the second derivative of a**5/20 - 5*a**4/12 + 2*a**3/3 + 9*a**2/2 + 3*a. What is the units digit of v(5)?
9
Suppose 5*p = -4*u + 23550, -3*u + 15 = -0. What is the thousands digit of p?
4
Let m = -839 - -1295. What is the tens digit of m?
5
Let z(o) = -72*o - 232. What is the units digit of z(-18)?
4
Suppose -22*s = -5*s - 153. Let u(n) = 5*n - 24. What is the units digit of u(s)?
1
What is the hundreds digit of -6 - 278*1/(-1)?
2
Let w(h) = -h**3 + 9*h**2 - 7*h - 6. Let g be w(7). Let q = -5 + g. What is the units digit of q?
8
Let n be (0 - 1) + 10 - 0. Suppose 0*k - n = -3*k. Suppose 2*u + k*w - 62 = 0, 93 = 3*u + 3*w + w. What is the tens digit of u?
3
Let h(q) = q**2 + 11*q - 10. Let u be h(-12). Suppose -3*a = -3, -g - 14 = -u*g - 3*a. Suppose -4*m = -g*m + 119. What is the units digit of m?
7
Let i = 302 + 282. What is the units digit of i?
4
Suppose -22 + 7 = 5*j - 2*t, 0 = 4*j + 3*t - 11. What is the units digit of 26720/128 + j/(-4)?
9
Let i = -18 + 30. Let b = -47 - -97. Let z = b - i. What is the units digit of z?
8
Suppose -217 = -y - 3*s - 0*s, 627 = 3*y + s. Let u = y + -134. What is the tens digit of u?
7
Let k(p) = p**2 - 7*p - 7. Let c be k(11). Let j = 19 - c. Let l = j - -44. What is the tens digit of l?
2
Let z(f) = 44*f - 40. What is the tens digit of z(36)?
4
Suppose 187 = -146*j + 147*j. What is the units digit of j?
7
Let f(p) = -13*p + 18 + p**2 - 4*p + 0*p + 0*p**2. Let c be f(14). What is the units digit of (7 + 0)*c/(-14)?
2
Let w(z) = 8*z**2 + 11*z + 47. What is the hundreds digit of w(-6)?
2
Let y(c) = -c**3 + 10*c**2 -